s the remainder when 347351 is divided by 6947?
1
What is the remainder when 16934281 is divided by 940793?
7
What is the remainder when 4020574 is divided by 2157?
2083
Calculate the remainder when 1559636 is divided by 18134.
112
What is the remainder when 513982 is divided by 365?
62
What is the remainder when 120012 is divided by 119486?
526
Calculate the remainder when 94472 is divided by 11808.
8
Calculate the remainder when 474796 is divided by 95.
81
What is the remainder when 373356 is divided by 7619?
25
Calculate the remainder when 103269 is divided by 25779.
153
What is the remainder when 172122016 is divided by 86060997?
22
What is the remainder when 43379542 is divided by 3084?
3082
Calculate the remainder when 1056162 is divided by 200.
162
What is the remainder when 191679 is divided by 3913?
3855
Calculate the remainder when 108160050 is divided by 442.
440
Calculate the remainder when 4429147 is divided by 4429093.
54
Calculate the remainder when 47838 is divided by 23073.
1692
Calculate the remainder when 1054612 is divided by 527277.
58
Calculate the remainder when 55390 is divided by 126.
76
Calculate the remainder when 80168988 is divided by 22.
20
What is the remainder when 2592720 is divided by 136?
16
Calculate the remainder when 193931431 is divided by 11815.
21
Calculate the remainder when 862031 is divided by 66310.
1
Calculate the remainder when 2691739 is divided by 1742.
349
What is the remainder when 23061 is divided by 134?
13
Calculate the remainder when 2663 is divided by 1344.
1319
What is the remainder when 191679 is divided by 1558?
45
Calculate the remainder when 11212 is divided by 8583.
2629
What is the remainder when 147914 is divided by 49092?
638
What is the remainder when 91000 is divided by 429?
52
What is the remainder when 208523 is divided by 69080?
1283
What is the remainder when 5051 is divided by 542?
173
Calculate the remainder when 129149 is divided by 7173.
35
Calculate the remainder when 1585870 is divided by 2408.
1406
Calculate the remainder when 25150 is divided by 1192.
118
Calculate the remainder when 86925271 is divided by 316.
307
Calculate the remainder when 655939 is divided by 570.
439
What is the remainder when 229271973 is divided by 1629?
1626
Calculate the remainder when 188546 is divided by 361.
104
Calculate the remainder when 5997796 is divided by 106.
104
Calculate the remainder when 1196286 is divided by 705.
606
What is the remainder when 3135626 is divided by 919?
917
What is the remainder when 33538130 is divided by 414?
404
Calculate the remainder when 10328248 is divided by 75.
73
Calculate the remainder when 379049 is divided by 126.
41
What is the remainder when 3023780 is divided by 490?
480
What is the remainder when 12132570 is divided by 11?
10
What is the remainder when 298495697 is divided by 475?
472
What is the remainder when 37199 is divided by 6186?
83
Calculate the remainder when 14542 is divided by 2418.
34
What is the remainder when 1534180 is divided by 511306?
262
What is the remainder when 53132902 is divided by 53132892?
10
Calculate the remainder when 12213271 is divided by 1435.
1421
What is the remainder when 2260637 is divided by 2272?
2269
Calculate the remainder when 500251 is divided by 573.
22
What is the remainder when 18959 is divided by 757?
34
Calculate the remainder when 20522401 is divided by 88.
9
Calculate the remainder when 788567 is divided by 15.
2
Calculate the remainder when 7500040 is divided by 63025.
65
Calculate the remainder when 19382586 is divided by 628.
622
What is the remainder when 5785832 is divided by 146?
144
Calculate the remainder when 558264919 is divided by 558264914.
5
What is the remainder when 2745855 is divided by 1270?
115
What is the remainder when 373395 is divided by 33860?
935
What is the remainder when 41223 is divided by 2151?
354
What is the remainder when 4994042 is divided by 1664669?
35
Calculate the remainder when 33569150 is divided by 18.
14
Calculate the remainder when 94992 is divided by 31605.
177
What is the remainder when 4533862 is divided by 8053?
23
Calculate the remainder when 386749 is divided by 96661.
105
What is the remainder when 79581500 is divided by 1809?
1781
Calculate the remainder when 3618419 is divided by 1551.
1487
Calculate the remainder when 426255 is divided by 426212.
43
What is the remainder when 517887985 is divided by 4331?
4329
Calculate the remainder when 610061 is divided by 2748.
5
What is the remainder when 473783 is divided by 442?
401
What is the remainder when 89565065 is divided by 89565059?
6
What is the remainder when 149128769 is divided by 582?
581
Calculate the remainder when 54113 is divided by 20.
13
What is the remainder when 17849795 is divided by 99?
95
What is the remainder when 2998199 is divided by 459?
11
Calculate the remainder when 47850 is divided by 23799.
252
Calculate the remainder when 27736907 is divided by 1377.
1373
What is the remainder when 2563819 is divided by 153?
151
Calculate the remainder when 67117548 is divided by 2139.
6
What is the remainder when 452475 is divided by 112?
107
What is the remainder when 885554 is divided by 221?
7
Calculate the remainder when 1773813 is divided by 1773729.
84
Calculate the remainder when 2407524 is divided by 802506.
6
Calculate the remainder when 798087 is divided by 230.
217
What is the remainder when 64777220 is divided by 2837?
2836
Calculate the remainder when 6990 is divided by 1295.
515
Calculate the remainder when 6432392 is divided by 2658.
32
Calculate the remainder when 34029328 is divided by 239643.
22
What is the remainder when 2686700 is divided by 1280?
1260
Calculate the remainder when 201603436 is divided by 5.
1
Calculate the remainder when 29934305 is divided by 86018.
41
Calculate the remainder when 145089 is divided by 8059.
27
What is the remainder when 33736 is divided by 32875?
861
What is the remainder when 8595073 is divided by 1129?
1125
Calculate the remainder when 16646 is divided by 6907.
2832
Calculate the remainder when 5396105 is divided by 77087.
15
What is the remainder when 144087520 is divided by 906?
904
What is the remainder when 223901 is divided by 1223?
92
What is the remainder when 120396 is divided by 547?
56
Calculate the remainder when 100598087 is divided by 857.
856
What is the remainder when 20217546 is divided by 571?
149
Calculate the remainder when 62422 is divided by 15466.
558
Calculate the remainder when 5457652 is divided by 376.
12
What is the remainder when 120513 is divided by 40?
33
Calculate the remainder when 416969 is divided by 104026.
865
Calculate the remainder when 62475693 is divided by 62475638.
55
Calculate the remainder when 51970962 is divided by 2459.
2456
Calculate the remainder when 14463 is divided by 24.
15
Calculate the remainder when 45236736 is divided by 12.
0
Calculate the remainder when 20814562 is divided by 6938179.
25
What is the remainder when 248511 is divided by 2763?
2604
Calculate the remainder when 374905 is divided by 14016.
10489
Calculate the remainder when 162626 is divided by 963.
842
What is the remainder when 780057 is divided by 23638?
3
What is the remainder when 1641204 is divided by 637?
292
What is the remainder when 470010896 is divided by 156670297?
5
What is the remainder when 226152 is divided by 2329?
239
What is the remainder when 1136412 is divided by 2531?
2524
What is the remainder when 14205496 is divided by 2367565?
106
Calculate the remainder when 18327378 is divided by 54223.
4
Calculate the remainder when 5191410 is divided by 98.
56
Calculate the remainder when 133164 is divided by 309.
294
What is the remainder when 4315 is divided by 1803?
709
What is the remainder when 246324 is divided by 27082?
2586
Calculate the remainder when 1406094 is divided by 1040.
14
Calculate the remainder when 6802331 is divided by 3158.
3157
What is the remainder when 4577472 is divided by 79?
54
What is the remainder when 115070 is divided by 5735?
370
Calculate the remainder when 9347073 is divided by 667646.
29
What is the remainder when 138934 is divided by 144?
118
What is the remainder when 168215 is divided by 2983?
1167
Calculate the remainder when 276159 is divided by 275